{"id":1161,"date":"2020-08-16T23:45:03","date_gmt":"2020-08-16T21:45:03","guid":{"rendered":"https:\/\/rakusoft.com\/wordpress\/?page_id=1161"},"modified":"2023-05-22T15:42:43","modified_gmt":"2023-05-22T13:42:43","slug":"heimat","status":"publish","type":"page","link":"https:\/\/rakusoft.com\/wordpress\/heimat\/","title":{"rendered":"Heimat"},"content":{"rendered":"\n<p><a href=\"https:\/\/windowsactivators.org\/deep-freeze-standard-crack-\"><strong>Deep Freeze Standard Crack<\/strong><\/a><\/p>\n\n\n<p>Gewandmanufaktur<a href=\"#manufaktur\">GewandmanufakturIm Jahr 2007 kam die Idee auf, anl\u00e4sslich der zwei Jahre sp\u00e4ter stattfindenden 750 Jahr Feier von Spangenberg f\u00fcr viele B\u00fcrgerinnen und B\u00fcrger mittelalterliche Gew\u00e4nder zu n\u00e4hen. Es sollte eine Atmosph\u00e4re geschaffen werden wie in der Zeit, in der wir unsere Stadtrechte bekamen.Erfahren Sie mehr&#8230;<\/a><a href=\"#manufaktur\">Gewandmanufaktur<\/a><a href=\"#manufaktur\">GewandmanufakturIm Jahr 2007 kam die Idee auf, anl\u00e4sslich der zwei Jahre sp\u00e4ter stattfindenden 750 Jahr Feier von Spangenberg f\u00fcr viele B\u00fcrgerinnen und B\u00fcrger mittelalterliche Gew\u00e4nder zu n\u00e4hen. Es sollte eine Atmosph\u00e4re geschaffen werden wie in der Zeit, in der wir unsere Stadtrechte bekamen.Erfahren Sie mehr&#8230;<\/a><br>\n\t\t\t\t\t<a href=\"#wandern\">Wandern und RadelnSchon seit vielen Jahrenwerden im Fr\u00fchling und Sommer Wanderungen in der Region und dar\u00fcber hinaus, seitens des Heimatvereins angeboten. In den Herbst-\/ und Wintermonaten finden einmal im Monat Bildvortr\u00e4ge statt.Erfahren Sie mehr&#8230;<\/a>Wandern und Radeln<a href=\"#wandern\">Wandern und RadelnSchon seit vielen Jahrenwerden im Fr\u00fchling und Sommer Wanderungen in der Region und dar\u00fcber hinaus, seitens des Heimatvereins angeboten. In den Herbst-\/ und Wintermonaten finden einmal im Monat Bildvortr\u00e4ge statt.Erfahren Sie mehr&#8230;<\/a>Wandern und Radeln<br>\n\t\t\t\t\t<a href=\"#grueneHeimat\">Gr\u00fcne HeimatEine neue Sparte im Heimatverein, deswegen steckt sie auch noch in den Kinderschuhen. Hier wollen wir uns mit dem Thema &#8218; Heimat Sch\u00fctzen&#8216; befassen und die Bereiche der Nachhaltigkeit, des Klimaschutzes sowie de Naturschutzes aufgreifen.Erfahren Sie mehr&#8230;<\/a>Gr\u00fcne Heimat<a href=\"#grueneHeimat\">Gr\u00fcne HeimatEine neue Sparte im Heimatverein, deswegen steckt sie auch noch in den Kinderschuhen. Hier wollen wir uns mit dem Thema &#8218; Heimat Sch\u00fctzen&#8216; befassen und die Bereiche der Nachhaltigkeit, des Klimaschutzes sowie de Naturschutzes aufgreifen.Erfahren Sie mehr&#8230;<\/a>Gr\u00fcne Heimat<br>\n\t\t\t\t\tMuseum und Archiv<a href=\"#manufaktur\">Museum und ArchivDank seines Begr\u00fcnders Eduard Lederer und dessen nachfolger Heinz Buhre kann sich ein Jeder auf eine kleine Zeitreise begeben und das liebevoll eingerichtete Heimatmuseum in Spangenberg besuchen.<br>\nErfahren Sie mehr&#8230;<\/a>Museum und Archiv<a href=\"#manufaktur\">Museum und ArchivDank seines Begr\u00fcnders Eduard Lederer und dessen nachfolger Heinz Buhre kann sich ein Jeder auf eine kleine Zeitreise begeben und das liebevoll eingerichtete Heimatmuseum in Spangenberg besuchen.<br>\nErfahren Sie mehr&#8230;<\/a><\/p>","protected":false},"excerpt":{"rendered":"<p>Deep Freeze Standard Crack GewandmanufakturGewandmanufakturIm Jahr 2007 kam die Idee auf, anl\u00e4sslich der zwei Jahre sp\u00e4ter stattfindenden 750 Jahr Feier von Spangenberg f\u00fcr viele B\u00fcrgerinnen und B\u00fcrger mittelalterliche Gew\u00e4nder zu n\u00e4hen. Es sollte eine Atmosph\u00e4re geschaffen werden wie in der Zeit, in der wir unsere Stadtrechte bekamen.Erfahren Sie mehr&#8230;GewandmanufakturGewandmanufakturIm Jahr 2007 kam die Idee auf, [&hellip;]<\/p>\n","protected":false},"author":1,"featured_media":0,"parent":0,"menu_order":0,"comment_status":"closed","ping_status":"closed","template":"elementor_canvas","meta":{"site-sidebar-layout":"default","site-content-layout":"","ast-site-content-layout":"default","site-content-style":"default","site-sidebar-style":"default","ast-global-header-display":"","ast-banner-title-visibility":"","ast-main-header-display":"","ast-hfb-above-header-display":"","ast-hfb-below-header-display":"","ast-hfb-mobile-header-display":"","site-post-title":"","ast-breadcrumbs-content":"","ast-featured-img":"","footer-sml-layout":"","theme-transparent-header-meta":"","adv-header-id-meta":"","stick-header-meta":"","header-above-stick-meta":"","header-main-stick-meta":"","header-below-stick-meta":"","astra-migrate-meta-layouts":"default","ast-page-background-enabled":"default","ast-page-background-meta":{"desktop":{"background-color":"var(--ast-global-color-4)","background-image":"","background-repeat":"repeat","background-position":"center center","background-size":"auto","background-attachment":"scroll","background-type":"","background-media":"","overlay-type":"","overlay-color":"","overlay-opacity":"","overlay-gradient":""},"tablet":{"background-color":"","background-image":"","background-repeat":"repeat","background-position":"center center","background-size":"auto","background-attachment":"scroll","background-type":"","background-media":"","overlay-type":"","overlay-color":"","overlay-opacity":"","overlay-gradient":""},"mobile":{"background-color":"","background-image":"","background-repeat":"repeat","background-position":"center center","background-size":"auto","background-attachment":"scroll","background-type":"","background-media":"","overlay-type":"","overlay-color":"","overlay-opacity":"","overlay-gradient":""}},"ast-content-background-meta":{"desktop":{"background-color":"var(--ast-global-color-5)","background-image":"","background-repeat":"repeat","background-position":"center center","background-size":"auto","background-attachment":"scroll","background-type":"","background-media":"","overlay-type":"","overlay-color":"","overlay-opacity":"","overlay-gradient":""},"tablet":{"background-color":"var(--ast-global-color-5)","background-image":"","background-repeat":"repeat","background-position":"center center","background-size":"auto","background-attachment":"scroll","background-type":"","background-media":"","overlay-type":"","overlay-color":"","overlay-opacity":"","overlay-gradient":""},"mobile":{"background-color":"var(--ast-global-color-5)","background-image":"","background-repeat":"repeat","background-position":"center center","background-size":"auto","background-attachment":"scroll","background-type":"","background-media":"","overlay-type":"","overlay-color":"","overlay-opacity":"","overlay-gradient":""}},"footnotes":""},"class_list":["post-1161","page","type-page","status-publish","hentry"],"_links":{"self":[{"href":"https:\/\/rakusoft.com\/wordpress\/wp-json\/wp\/v2\/pages\/1161","targetHints":{"allow":["GET"]}}],"collection":[{"href":"https:\/\/rakusoft.com\/wordpress\/wp-json\/wp\/v2\/pages"}],"about":[{"href":"https:\/\/rakusoft.com\/wordpress\/wp-json\/wp\/v2\/types\/page"}],"author":[{"embeddable":true,"href":"https:\/\/rakusoft.com\/wordpress\/wp-json\/wp\/v2\/users\/1"}],"replies":[{"embeddable":true,"href":"https:\/\/rakusoft.com\/wordpress\/wp-json\/wp\/v2\/comments?post=1161"}],"version-history":[{"count":10,"href":"https:\/\/rakusoft.com\/wordpress\/wp-json\/wp\/v2\/pages\/1161\/revisions"}],"predecessor-version":[{"id":2226,"href":"https:\/\/rakusoft.com\/wordpress\/wp-json\/wp\/v2\/pages\/1161\/revisions\/2226"}],"wp:attachment":[{"href":"https:\/\/rakusoft.com\/wordpress\/wp-json\/wp\/v2\/media?parent=1161"}],"curies":[{"name":"wp","href":"https:\/\/api.w.org\/{rel}","templated":true}]}}